5629. Is b a composite number?
False
Suppose 6*p - 10*p + 16 = 0. Suppose 4*s - p = 4. Suppose s*q - 84 = 64. Is q a prime number?
False
Suppose 0 = -5*g + 4*g - 1, s + g = 5044. Is s a composite number?
True
Is (-74342)/(-8) - 4/(-16) prime?
True
Suppose 3*o = -4*u + 716 + 1836, 1914 = 3*u - 3*o. Suppose -2*k = -2*w + 354, -2*w + 2*k - 3*k = -339. Suppose -2*d + u = w. Is d composite?
False
Suppose -188 = -3*f - f. Suppose -t + 260 + f = 0. Is t composite?
False
Suppose -22*w + 14*w + 11720 = 0. Suppose -11*y + w = -6*y. Is y a composite number?
False
Let k(m) = -3*m**3 - 13*m**2 - 10*m - 5. Is k(-8) a composite number?
True
Suppose -5*z + 80 = 5*w, -3 + 1 = -2*w. Suppose -18*l + 1479 = -z*l. Is l a prime number?
False
Suppose -18*p = 19*p - 149221. Is p a composite number?
True
Suppose 0 = 7*g + 20*g - 132705. Is g a composite number?
True
Suppose -3*i + 9 = 3. Suppose -o = -i*o + 4. Is o + -5 - -25*6 prime?
True
Let c(w) = -166*w**3 + w**2 + 6*w - 2. Is c(-3) composite?
True
Suppose 3*o = 4*h - 22, 0 = -3*h - 2*o - 2*o + 29. Is (-2)/((-14)/3271) - 2/h prime?
True
Suppose -5*z - d = 4*d - 276455, 0 = -d. Is z a composite number?
False
Let f = 1035 - 538. Is f a composite number?
True
Let k(t) = -7758*t - 5. Is k(-1) prime?
True
Suppose -9*y = -47*y + 853898. Is y a prime number?
False
Is 235 + 2 + 0*(-2)/(-4) a prime number?
False
Suppose 83 = -q + 526. Is q a composite number?
False
Let u(b) = 2*b + 14. Let y be u(-16). Let k be 6/(-36) - 4629/y. Suppose -g + 5*n = -370, 2*g - n - 456 = k. Is g a composite number?
True
Let v(o) = 4*o**2 - 3*o - 5. Let f(d) = -d + 1. Let r(m) = 6*f(m) + v(m). Is r(-8) prime?
False
Suppose 0 = 3*z + 3*w - 12, -2*z + w - 4 = -4*z. Suppose z = 2*t - 3*x - 731, 1466 = -t + 5*t - 2*x. Is t a prime number?
True
Suppose 0 = z + 4*d - 4, -5*z + 2*z - d + 23 = 0. Suppose -4 = -4*f + z*f. Is f/(-2*(-2)/(-652)) a composite number?
False
Let q(o) be the first derivative of -7*o**6/120 + o**5/20 - 7*o**4/24 - 5*o**2/2 - 4. Let w(d) be the second derivative of q(d). Is w(-5) a prime number?
False
Suppose 7*f - 64716 - 160061 = 0. Is f a prime number?
False
Let b(z) = -4*z**2 - 10 + z**2 - 46*z**3 + 47*z**3 + z - 14*z**2. Is b(17) prime?
True
Is 34/(-612) - 125047/(-18) composite?
False
Let x be 1*(-1 - -2) - -798. Let q be -1 + 3 - (-8)/(-4). Suppose -4*z - 51 + x = q. Is z prime?
False
Let d(y) = -4*y**3 + 19*y**2 - 8*y - 14. Is d(-9) composite?
False
Let w(a) = -a**3 + 8*a**2 + 9*a + 2. Let o be w(9). Is (-405)/(-2) - (-1)/o a prime number?
False
Let g(t) = 290*t - 49. Is g(16) prime?
True
Suppose 0 = -2*v - 0 + 10. Is 783/v - 14/(-35) composite?
False
Let c(a) = 80*a**2 + 9. Is c(16) composite?
True
Let s be (-117)/(-15) + 2/10. Suppose s = i - 5. Is 1376/i - 4/(-26) prime?
False
Let f(w) = -661*w - 99. Is f(-16) prime?
True
Let s be (-2 + 1162)*3/4. Suppose -3*c = 0, 2*p + 3*p + 5*c = 15. Suppose 2*m - s = -b - 236, -2*m + 650 = -p*b. Is m a composite number?
True
Let w(b) = -4*b - 2960. Let t(a) = -8*a - 5921. Let f(q) = -3*t(q) + 5*w(q). Is f(0) a prime number?
True
Let g(w) = -1186*w + 129. Is g(-16) composite?
True
Suppose -3*q + 194 = 5*b, 2*q - 23*b + 26*b = 128. Is q a composite number?
True
Let r be 4/2 + -2 - 126. Let t = r - -331. Let w = t + -138. Is w composite?
False
Let w = 6226 + -3287. Is w prime?
True
Let r(g) = 52*g + 9. Let w(h) = 53*h + 9. Let i(y) = 4*r(y) - 3*w(y). Is i(4) a composite number?
True
Is (-2 - (2 + -9)) + 1842 a composite number?
False
Suppose -z + 6829 = 3*p - 2*z, 2*p - 5*z = 4557. Let w = 3955 - p. Is w composite?
True
Suppose 0 = 3*s - 15, -3*n - 366 = -2*n + 3*s. Let q(t) = -3*t + 2. Let z be q(-2). Let y = z - n. Is y a prime number?
True
Suppose 5*n = -f + 8132, -5*f = -4*n - 44529 + 3782. Is f a prime number?
True
Let m(n) = -2*n**2 + 14*n - 9. Let j be m(6). Is 579/j + (-1 - 1) prime?
True
Let n be (-2833 - 4)*(-2 + 1). Suppose 4*u + 3*p = n, u + u + p = 1417. Is u a prime number?
False
Suppose -3*m - 93 = 255. Let o = m - -233. Suppose 5*l = -4*d + 2885, 2*d + o = l - 446. Is l a composite number?
True
Suppose s = 2*y - 849, -4*y - y + 2095 = 3*s. Is y a prime number?
False
Is 2046 + (-5)/10*14 composite?
False
Let q = -1894 - -3497. Is q a composite number?
True
Let g = 98 + -94. Suppose 4*z = g*k - 2*k + 12682, -3*z = -3*k - 9504. Is z composite?
True
Let p(b) = -3 - 31 - 47*b - 100*b + 9. Is p(-8) a prime number?
True
Let o(d) = 3563*d - 111. Is o(8) a prime number?
True
Suppose 7673 = 6*l - 88153. Is l prime?
True
Let s = 13372 + -2835. Is s a prime number?
False
Suppose 0 = -p + 4*r - 4, -5*p + 5*r + 7 + 3 = 0. Let s(f) = 79*f**2 + 2*f + 5. Is s(p) a prime number?
True
Suppose t + 5*l + 4 = -7, 0 = -t - 4*l - 8. Let w be 1/(t*2/3088). Let f = w - 227. Is f composite?
True
Let i be (1234/(-4))/((-2)/8). Suppose 3*b + 0*b - 4*o = 3702, -b = -5*o - i. Is b composite?
True
Suppose -2719 = -2*x + 3*b - 6*b, -4*x - 4*b = -5440. Is x a composite number?
False
Let n(m) = 5031*m - 224. Is n(23) prime?
False
Suppose -690 = 4*m - 3*r, 2*m - 3*r + 519 = -m. Let c be ((-12)/(-9))/(6/m). Let f = 68 - c. Is f a prime number?
False
Let c = 0 - 3. Let b be 4*1*(-20 + c). Let x = 519 + b. Is x prime?
False
Let f = -1415 - -2116. Is f composite?
False
Let r(s) = -52*s + 12 - 23*s - 5 - 11*s. Let y be r(-9). Let f = -450 + y. Is f composite?
False
Suppose -549 = -6*p + 3*p. Suppose 2*q - 2*k = 3*k + 98, 5*q = -3*k + p. Is q composite?
True
Let u(f) = f**3 + 4*f**2 + 3*f + 2. Let o be u(-3). Let h be 3*1/(-1 + o). Is 17/((h - 1)/4) a prime number?
False
Let h(j) be the third derivative of -j**6/120 + j**5/15 + 5*j**4/24 + j**3/2 + j**2. Is h(-5) a composite number?
True
Let i be (-7)/(-1)*5/(-5). Let n(v) = -2*v**3 - 5*v**2 + 5*v + 13. Is n(i) prime?
True
Let k(n) = -n**2 + n - 1. Let h(m) = -6*m**2 + 8*m - 312. Let j(z) = -h(z) + 5*k(z). Is j(0) prime?
True
Let k be 9/36 - 2/8. Let d be k/(3/(-3)) - -53. Suppose d = 4*r - 23. Is r a composite number?
False
Let o(d) = -3*d - 9. Let b(r) = -r**2 + 16*r - 19. Let t be b(15). Let y be o(t). Suppose -5*g - 118 = -y*m, -4*m + 5*g - 204 = -8*m. Is m a prime number?
False
Let t(k) = 5*k**2 + k. Let v be t(6). Suppose -3*f + v + 45 = 0. Suppose y - f = 12. Is y prime?
True
Suppose 4*h - 2*l = 9946, 7457 = 3*h - 0*l - 2*l. Is h a prime number?
False
Let c(u) = -280*u - 3. Let s = 13 + -2. Let w = s - 13. Is c(w) a composite number?
False
Suppose 8*h - 60358 = 89138. Is h a prime number?
False
Let k = 748 + 945. Is k composite?
False
Suppose 3*s - 252 - 1509 = 0. Is s composite?
False
Let t(z) = -z**2 + 11*z - 7. Let c be t(10). Suppose -c*l + 15 = j, -4*j + 7*l - 4 = 3*l. Is -3*(-2 - 365/j) composite?
True
Let u be 60/8*(-2)/(-3). Let p be -35*u/(5/(-3)). Let y = 198 - p. Is y a composite number?
True
Let h(u) = u**2 - 6*u + 8. Let j be (-1)/((12/10)/(-6)). Let f be h(j). Let c = 35 + f. Is c prime?
False
Let b be ((-6)/(-4))/((-9)/(-654)). Let x = b + -41. Suppose 3*y - 2*r = x, -5*y + 42 = -r - 69. Is y prime?
False
Suppose 5*u + 5*o - 19755 = 0, 0*u - 3*u + 11841 = -3*o. Is u a composite number?
True
Let t be -10*1*(-1)/2. Suppose -4*z = -3*k - 14, -2*z - 5*k = -t*z + 16. Suppose 0 = 7*o - z*o - 725. Is o a prime number?
False
Let i be (-1)/(4/(-128))*7/(-2). Is 12/(-4) + (-15)/3*i composite?
False
Let h(o) = 3*o - 1. Let p be h(8). Let v = 84 + p. Let k = -22 + v. Is k a composite number?
True
Suppose 0 = 3*z - 2*k - 327 - 232, -4*k - 20 = 0. Is z prime?
False
Let w be 6*(-5)/((-20)/8). Let k be -1 + w - (-4)/4. Is ((-2)/2 - -3) + k prime?
False
Let q(d) = d**2 + 7*d - 2. Let i be q(-7). Let j(a) = -a**3 + 4*a**2 + 2*a - 1. Let f be j(i). Suppose -5*n = -3*k + 57, -3*k - 5*n = -4*k + f. Is k prime?
True
Let t(v) = 184*v - 22. Let a be t(-7). Is (-1)/3 - a/15 a composite number?
True
Let a(k) be the first derivative of -k**3/3 + k**2/2 - 2*k + 3. Let p be a(3). Is p/(-2) - 3 - -18 composite?
False
Let g(h) be the third derivative of h**3/6 + 3*h**2. Let o(j) = -14*j - 11. Let c(x) = 6*g(x) + o(x). Is c(-6) composite?
False
Is 2*1/6 + 876/18 composite?
True
Suppose 16077 - 85677 = 5*c. Let n = c - -26189. Is n a composite number?
False
Let s(g) = -3495*g - 43. Is s(-8) composite?
False
Suppose 0 = -2*x - 3*x + 55. Let n(t) = -t**3 + 12*t**2 